{"id":1079,"date":"2019-01-23T06:31:31","date_gmt":"2019-01-23T06:31:31","guid":{"rendered":"https:\/\/irisgarcia.es\/index.php\/about-us\/"},"modified":"2020-08-07T18:32:45","modified_gmt":"2020-08-07T16:32:45","slug":"about-us","status":"publish","type":"page","link":"https:\/\/irisgarcia.es\/index.php\/about-us\/","title":{"rendered":"Sobre m\u00cd"},"content":{"rendered":"\t\t<div data-elementor-type=\"wp-post\" data-elementor-id=\"1079\" class=\"elementor elementor-1079\">\n\t\t\t\t\t\t<section class=\"elementor-section elementor-top-section elementor-element elementor-element-6ccdc95 elementor-section-content-middle elementor-section-boxed elementor-section-height-default elementor-section-height-default\" data-id=\"6ccdc95\" data-element_type=\"section\" data-settings=\"{&quot;background_background&quot;:&quot;classic&quot;}\">\n\t\t\t\t\t\t\t<div class=\"elementor-background-overlay\"><\/div>\n\t\t\t\t\t\t\t<div class=\"elementor-container elementor-column-gap-no\">\n\t\t\t\t\t<div class=\"elementor-column elementor-col-100 elementor-top-column elementor-element elementor-element-4f6adc0\" data-id=\"4f6adc0\" data-element_type=\"column\">\n\t\t\t<div class=\"elementor-widget-wrap elementor-element-populated\">\n\t\t\t\t\t\t<div class=\"elementor-element elementor-element-179c706 elementor-widget elementor-widget-heading\" data-id=\"179c706\" data-element_type=\"widget\" data-widget_type=\"heading.default\">\n\t\t\t\t<div class=\"elementor-widget-container\">\n\t\t\t\t\t<h1 class=\"elementor-heading-title elementor-size-default\">Sobre m\u00ed<\/h1>\t\t\t\t<\/div>\n\t\t\t\t<\/div>\n\t\t\t\t\t<\/div>\n\t\t<\/div>\n\t\t\t\t\t<\/div>\n\t\t<\/section>\n\t\t\t\t<section class=\"elementor-section elementor-top-section elementor-element elementor-element-4a5d220 elementor-section-boxed elementor-section-height-default elementor-section-height-default\" data-id=\"4a5d220\" data-element_type=\"section\">\n\t\t\t\t\t\t<div class=\"elementor-container elementor-column-gap-no\">\n\t\t\t\t\t<div class=\"elementor-column elementor-col-33 elementor-top-column elementor-element elementor-element-737ec4c\" data-id=\"737ec4c\" data-element_type=\"column\">\n\t\t\t<div class=\"elementor-widget-wrap elementor-element-populated\">\n\t\t\t\t\t\t<div class=\"elementor-element elementor-element-efb0e9a elementor-widget elementor-widget-heading\" data-id=\"efb0e9a\" data-element_type=\"widget\" data-widget_type=\"heading.default\">\n\t\t\t\t<div class=\"elementor-widget-container\">\n\t\t\t\t\t<h3 class=\"elementor-heading-title elementor-size-default\"><p><span style=\"font-size:12.0pt;line-height:107%\">Soy Iris\nGarc\u00eda Lombardero, Psic\u00f3loga colegiada N\u00ba BI-04552.<\/span><\/p><\/h3>\t\t\t\t<\/div>\n\t\t\t\t<\/div>\n\t\t\t\t\t<\/div>\n\t\t<\/div>\n\t\t\t\t<div class=\"elementor-column elementor-col-66 elementor-top-column elementor-element elementor-element-e6bc9af\" data-id=\"e6bc9af\" data-element_type=\"column\">\n\t\t\t<div class=\"elementor-widget-wrap elementor-element-populated\">\n\t\t\t\t\t\t<div class=\"elementor-element elementor-element-8bf9f70 elementor-widget elementor-widget-text-editor\" data-id=\"8bf9f70\" data-element_type=\"widget\" data-widget_type=\"text-editor.default\">\n\t\t\t\t<div class=\"elementor-widget-container\">\n\t\t\t\t\t\t\t\t\t<p class=\"MsoNormal\"><span style=\"font-size: 12.0pt; line-height: 107%;\">Me licenci\u00e9 en Psicolog\u00eda en la UPV\/EHU en el a\u00f1o 2013, especializ\u00e1ndome en psicolog\u00eda cl\u00ednica. Desde entonces, he recorrido un largo trayecto de formaci\u00f3n y experiencia profesional con el fin de poder integrar distintas corrientes y metodolog\u00edas que me permitan ofrecer una atencion psicol\u00f3gica personalizada y de calidad.<\/span><\/p>\t\t\t\t\t\t\t\t<\/div>\n\t\t\t\t<\/div>\n\t\t\t\t\t<\/div>\n\t\t<\/div>\n\t\t\t\t\t<\/div>\n\t\t<\/section>\n\t\t\t\t<section class=\"elementor-section elementor-top-section elementor-element elementor-element-a400379 elementor-section-content-middle elementor-section-boxed elementor-section-height-default elementor-section-height-default\" data-id=\"a400379\" data-element_type=\"section\" data-settings=\"{&quot;background_background&quot;:&quot;classic&quot;}\">\n\t\t\t\t\t\t<div class=\"elementor-container elementor-column-gap-no\">\n\t\t\t\t\t<div class=\"elementor-column elementor-col-100 elementor-top-column elementor-element elementor-element-c9222c3\" data-id=\"c9222c3\" data-element_type=\"column\">\n\t\t\t<div class=\"elementor-widget-wrap elementor-element-populated\">\n\t\t\t\t\t\t<div class=\"elementor-element elementor-element-6d91e9e elementor-widget elementor-widget-image\" data-id=\"6d91e9e\" data-element_type=\"widget\" data-widget_type=\"image.default\">\n\t\t\t\t<div class=\"elementor-widget-container\">\n\t\t\t\t\t\t\t\t\t\t\t\t\t\t\t<img fetchpriority=\"high\" decoding=\"async\" width=\"300\" height=\"223\" src=\"https:\/\/irisgarcia.es\/wp-content\/uploads\/2020\/07\/foto-8-300x223.jpg\" class=\"attachment-medium size-medium wp-image-1159\" alt=\"\" srcset=\"https:\/\/irisgarcia.es\/wp-content\/uploads\/2020\/07\/foto-8-300x223.jpg 300w, https:\/\/irisgarcia.es\/wp-content\/uploads\/2020\/07\/foto-8-1024x763.jpg 1024w, https:\/\/irisgarcia.es\/wp-content\/uploads\/2020\/07\/foto-8-768x572.jpg 768w, https:\/\/irisgarcia.es\/wp-content\/uploads\/2020\/07\/foto-8-1536x1144.jpg 1536w, https:\/\/irisgarcia.es\/wp-content\/uploads\/2020\/07\/foto-8-2048x1525.jpg 2048w\" sizes=\"(max-width: 300px) 100vw, 300px\" \/>\t\t\t\t\t\t\t\t\t\t\t\t\t\t\t<\/div>\n\t\t\t\t<\/div>\n\t\t\t\t<div class=\"elementor-element elementor-element-7e489a2 elementor-widget elementor-widget-heading\" data-id=\"7e489a2\" data-element_type=\"widget\" data-widget_type=\"heading.default\">\n\t\t\t\t<div class=\"elementor-widget-container\">\n\t\t\t\t\t<h2 class=\"elementor-heading-title elementor-size-default\"><p><span style=\"font-size:12.0pt;line-height:107%\">Algunas de\nlas formaciones realizadas son:<\/span><\/p><\/h2>\t\t\t\t<\/div>\n\t\t\t\t<\/div>\n\t\t\t\t<div class=\"elementor-element elementor-element-b2657e0 elementor-widget elementor-widget-text-editor\" data-id=\"b2657e0\" data-element_type=\"widget\" data-widget_type=\"text-editor.default\">\n\t\t\t\t<div class=\"elementor-widget-container\">\n\t\t\t\t\t\t\t\t\t<ul><li><span style=\"text-indent: -18pt; font-size: 12pt; line-height: 107%;\">Especialista en Igualdad de G\u00e9nero<\/span><\/li><li><span style=\"font-style: normal; font-weight: normal; text-indent: -18pt; font-variant-numeric: normal; font-variant-east-asian: normal; font-stretch: normal; font-size: 7pt; line-height: normal; font-family: 'Times New Roman';\">\u00a0<\/span><span style=\"font-size: 12pt; text-indent: -18pt;\">Experto\u00a0<\/span><span style=\"font-size: 12pt; text-indent: -18pt;\">en Coaching personal y ejecutivo<\/span><\/li><li><span style=\"font-size: 12pt; text-indent: -18pt;\">T\u00e9cnicas<\/span><span style=\"font-size: 12.0pt; line-height: 107%;\"> de terapia breve <\/span><\/li><li><span style=\"font-size: 12.0pt; line-height: 107%; mso-ascii-font-family: Calibri; mso-fareast-font-family: Calibri; mso-hansi-font-family: Calibri; mso-bidi-font-family: Calibri;\"><span style=\"font-style: normal; font-variant-numeric: normal; font-variant-east-asian: normal; font-weight: normal; font-stretch: normal; font-size: 7pt; line-height: normal; font-family: 'Times New Roman';\">\u00a0<\/span><\/span><span style=\"font-size: 12.0pt; line-height: 107%;\">Curso de psicolog\u00eda perinatal. Psicopatolog\u00eda y psicoterapia<\/span><\/li><li><span style=\"font-size: 12.0pt; line-height: 107%;\">Ansiedad y estr\u00e9s. Qu\u00e9 son y c\u00f3mo manejarlos <\/span><\/li><li><span style=\"font-size: 12.0pt; line-height: 107%; mso-ascii-font-family: Calibri; mso-fareast-font-family: Calibri; mso-hansi-font-family: Calibri; mso-bidi-font-family: Calibri;\"><span style=\"font-style: normal; font-variant-numeric: normal; font-variant-east-asian: normal; font-weight: normal; font-stretch: normal; font-size: 7pt; line-height: normal; font-family: 'Times New Roman';\">\u00a0<\/span><\/span><span style=\"font-size: 12.0pt; line-height: 107%;\">Atenci\u00f3n integral a mujeres v\u00edctimas de violencia de g\u00e9nero y personas dependiente a su cargo <\/span><\/li><li><span style=\"font-size: 12.0pt; line-height: 107%;\">Curso Universitario de Especializaci\u00f3n en Orientaci\u00f3n Socio laboral<\/span><\/li><li><span style=\"font-size: 12.0pt; line-height: 107%; mso-ascii-font-family: Calibri; mso-fareast-font-family: Calibri; mso-hansi-font-family: Calibri; mso-bidi-font-family: Calibri;\"><span style=\"font-style: normal; font-variant-numeric: normal; font-variant-east-asian: normal; font-weight: normal; font-stretch: normal; font-size: 7pt; line-height: normal; font-family: 'Times New Roman';\">\u00a0<\/span><\/span><span style=\"font-size: 12.0pt; line-height: 107%;\">Curso Liderazgo, inteligencia emocional y g\u00e9nero <\/span><\/li><li><span style=\"font-size: 12.0pt; line-height: 107%;\">Intervenci\u00f3n psicol\u00f3gica en contextos de emergencias y cat\u00e1strofes<\/span><\/li><li><span style=\"font-size: 12.0pt; line-height: 107%;\">Formaci\u00f3n especializada en autoestima <\/span><\/li><li><span style=\"font-size: 12.0pt; line-height: 107%;\">Formaci\u00f3n especializada en ansiedad\u00a0\u00a0<\/span><\/li><\/ul>\t\t\t\t\t\t\t\t<\/div>\n\t\t\t\t<\/div>\n\t\t\t\t<div class=\"elementor-element elementor-element-beeacce elementor-widget elementor-widget-image\" data-id=\"beeacce\" data-element_type=\"widget\" data-widget_type=\"image.default\">\n\t\t\t\t<div class=\"elementor-widget-container\">\n\t\t\t\t\t\t\t\t\t\t\t\t\t\t\t<img decoding=\"async\" width=\"1920\" height=\"1080\" src=\"https:\/\/irisgarcia.es\/wp-content\/uploads\/2019\/01\/bg4-free-img.jpg\" class=\"attachment-full size-full wp-image-140\" alt=\"\" srcset=\"https:\/\/irisgarcia.es\/wp-content\/uploads\/2019\/01\/bg4-free-img.jpg 1920w, https:\/\/irisgarcia.es\/wp-content\/uploads\/2019\/01\/bg4-free-img-300x169.jpg 300w, https:\/\/irisgarcia.es\/wp-content\/uploads\/2019\/01\/bg4-free-img-1024x576.jpg 1024w, https:\/\/irisgarcia.es\/wp-content\/uploads\/2019\/01\/bg4-free-img-768x432.jpg 768w, https:\/\/irisgarcia.es\/wp-content\/uploads\/2019\/01\/bg4-free-img-1536x864.jpg 1536w, https:\/\/irisgarcia.es\/wp-content\/uploads\/2019\/01\/bg4-free-img-600x338.jpg 600w\" sizes=\"(max-width: 1920px) 100vw, 1920px\" \/>\t\t\t\t\t\t\t\t\t\t\t\t\t\t\t<\/div>\n\t\t\t\t<\/div>\n\t\t\t\t<div class=\"elementor-element elementor-element-d95e11a elementor-widget elementor-widget-text-editor\" data-id=\"d95e11a\" data-element_type=\"widget\" data-widget_type=\"text-editor.default\">\n\t\t\t\t<div class=\"elementor-widget-container\">\n\t\t\t\t\t\t\t\t\t<p><span style=\"font-size: 12.0pt; line-height: 107%;\">Adem\u00e1s, es<br \/>indispensable para nuestra formaci\u00f3n, acudir de forma regular a seminarios,<br \/>coloquios, formaciones o charlas que ofrezcan nuevas perspectivas y enfoques<br \/>para seguir alimentando nuestro conocimiento de la psique humana y obtener una<br \/>mayor visi\u00f3n de la misma.\u00a0<\/span><\/p><p><span style=\"font-size: 12pt;\">Mi compromiso es siempre con las personas, por ello, me implico y sigo en constante formaci\u00f3n, con el objetivo de tener una mayor comprensi\u00f3n de la mente y ofrecer la mejor versi\u00f3n de mi misma.<\/span><\/p><p>\u00a0<\/p>\t\t\t\t\t\t\t\t<\/div>\n\t\t\t\t<\/div>\n\t\t\t\t\t<\/div>\n\t\t<\/div>\n\t\t\t\t\t<\/div>\n\t\t<\/section>\n\t\t\t\t<section class=\"elementor-section elementor-top-section elementor-element elementor-element-dc6a4e3 elementor-section-boxed elementor-section-height-default elementor-section-height-default\" data-id=\"dc6a4e3\" data-element_type=\"section\" data-settings=\"{&quot;background_background&quot;:&quot;classic&quot;}\">\n\t\t\t\t\t\t<div class=\"elementor-container elementor-column-gap-no\">\n\t\t\t\t\t<div class=\"elementor-column elementor-col-100 elementor-top-column elementor-element elementor-element-0e2a233\" data-id=\"0e2a233\" data-element_type=\"column\">\n\t\t\t<div class=\"elementor-widget-wrap elementor-element-populated\">\n\t\t\t\t\t\t\t<\/div>\n\t\t<\/div>\n\t\t\t\t\t<\/div>\n\t\t<\/section>\n\t\t\t\t<\/div>\n\t\t","protected":false},"excerpt":{"rendered":"<p>Sobre m\u00ed Soy Iris Garc\u00eda Lombardero, Psic\u00f3loga colegiada N\u00ba BI-04552. Me licenci\u00e9 en Psicolog\u00eda en la UPV\/EHU en el a\u00f1o 2013, especializ\u00e1ndome en psicolog\u00eda cl\u00ednica. Desde entonces, he recorrido un largo trayecto de formaci\u00f3n y experiencia profesional con el fin de poder integrar distintas corrientes y metodolog\u00edas que me permitan ofrecer una atencion psicol\u00f3gica personalizada [&hellip;]<\/p>\n","protected":false},"author":2,"featured_media":0,"parent":0,"menu_order":0,"comment_status":"closed","ping_status":"closed","template":"","meta":{"site-sidebar-layout":"no-sidebar","site-content-layout":"page-builder","ast-site-content-layout":"","site-content-style":"default","site-sidebar-style":"default","ast-global-header-display":"","ast-banner-title-visibility":"","ast-main-header-display":"","ast-hfb-above-header-display":"","ast-hfb-below-header-display":"","ast-hfb-mobile-header-display":"","site-post-title":"disabled","ast-breadcrumbs-content":"","ast-featured-img":"disabled","footer-sml-layout":"","theme-transparent-header-meta":"enabled","adv-header-id-meta":"","stick-header-meta":"","header-above-stick-meta":"","header-main-stick-meta":"","header-below-stick-meta":"","astra-migrate-meta-layouts":"default","ast-page-background-enabled":"default","ast-page-background-meta":{"desktop":{"background-color":"","background-image":"","background-repeat":"repeat","background-position":"center center","background-size":"auto","background-attachment":"scroll","background-type":"","background-media":"","overlay-type":"","overlay-color":"","overlay-opacity":"","overlay-gradient":""},"tablet":{"background-color":"","background-image":"","background-repeat":"repeat","background-position":"center center","background-size":"auto","background-attachment":"scroll","background-type":"","background-media":"","overlay-type":"","overlay-color":"","overlay-opacity":"","overlay-gradient":""},"mobile":{"background-color":"","background-image":"","background-repeat":"repeat","background-position":"center center","background-size":"auto","background-attachment":"scroll","background-type":"","background-media":"","overlay-type":"","overlay-color":"","overlay-opacity":"","overlay-gradient":""}},"ast-content-background-meta":{"desktop":{"background-color":"var(--ast-global-color-5)","background-image":"","background-repeat":"repeat","background-position":"center center","background-size":"auto","background-attachment":"scroll","background-type":"","background-media":"","overlay-type":"","overlay-color":"","overlay-opacity":"","overlay-gradient":""},"tablet":{"background-color":"var(--ast-global-color-5)","background-image":"","background-repeat":"repeat","background-position":"center center","background-size":"auto","background-attachment":"scroll","background-type":"","background-media":"","overlay-type":"","overlay-color":"","overlay-opacity":"","overlay-gradient":""},"mobile":{"background-color":"var(--ast-global-color-5)","background-image":"","background-repeat":"repeat","background-position":"center center","background-size":"auto","background-attachment":"scroll","background-type":"","background-media":"","overlay-type":"","overlay-color":"","overlay-opacity":"","overlay-gradient":""}},"footnotes":""},"_links":{"self":[{"href":"https:\/\/irisgarcia.es\/index.php\/wp-json\/wp\/v2\/pages\/1079"}],"collection":[{"href":"https:\/\/irisgarcia.es\/index.php\/wp-json\/wp\/v2\/pages"}],"about":[{"href":"https:\/\/irisgarcia.es\/index.php\/wp-json\/wp\/v2\/types\/page"}],"author":[{"embeddable":true,"href":"https:\/\/irisgarcia.es\/index.php\/wp-json\/wp\/v2\/users\/2"}],"replies":[{"embeddable":true,"href":"https:\/\/irisgarcia.es\/index.php\/wp-json\/wp\/v2\/comments?post=1079"}],"version-history":[{"count":7,"href":"https:\/\/irisgarcia.es\/index.php\/wp-json\/wp\/v2\/pages\/1079\/revisions"}],"predecessor-version":[{"id":1194,"href":"https:\/\/irisgarcia.es\/index.php\/wp-json\/wp\/v2\/pages\/1079\/revisions\/1194"}],"wp:attachment":[{"href":"https:\/\/irisgarcia.es\/index.php\/wp-json\/wp\/v2\/media?parent=1079"}],"curies":[{"name":"wp","href":"https:\/\/api.w.org\/{rel}","templated":true}]}}